 -60. Let h be 3 - (-1)/(2/254). What is the greatest common factor of h and k?
26
Suppose 410 = 5*k - 3*k + 5*h, -3*k - 3*h = -624. Calculate the greatest common factor of k and 63.
21
Suppose -c = -2*z - 5 - 0, 5*c - z = 7. Suppose 2*h = 31 - c. What is the greatest common divisor of h and 20?
5
Suppose 0*l + 172 = -4*l. Let o = -15 - l. Suppose 5*x - o = x. Calculate the highest common factor of x and 49.
7
Let l(k) = 261*k**2 + 8*k + 25. Let j be l(-2). What is the greatest common divisor of 13 and j?
13
Let r be ((-1)/(-4))/(((-15)/(-36))/5). Let t = 1 + 1. Suppose 0 = -3*d - t*d + 15. What is the greatest common divisor of d and r?
3
Let v be 79 + (-1 - (2 + -4)). Let d be 13/3 - 2/(0 + 6). Suppose -2*i - d*z = -20, 2*z = -i + 3*i - 50. Calculate the greatest common factor of v and i.
20
Suppose -39 = 12*s - 9*s. Let d(j) = -j - 6. Let t be d(s). Calculate the greatest common factor of t and 7.
7
Suppose -2*h - 5*u = 13, h - 4*u = -3*h - 40. Let t = 4 - h. Calculate the greatest common divisor of 39 and t.
13
Let q(v) = -93*v + 9. Let s be q(-3). Calculate the highest common factor of s and 18.
18
Suppose -3 = s - 2*s. Suppose -10 = 2*o - 40. What is the highest common divisor of o and s?
3
Suppose 4*g - 4*m + 3*m - 33 = 0, -2*g + 4*m + 34 = 0. Suppose 4*l - 126 = 2*l. Calculate the highest common factor of g and l.
7
Let o be (-4056)/(-96) - ((-3)/4 + 1). Calculate the greatest common divisor of o and 280.
14
Let k(b) = -13 + 5*b**3 - 7*b**3 + 0*b**3 - 12*b**2 - 12*b + 3*b**3. Let x be k(13). Suppose x*o - o + 28 = 0. Calculate the highest common divisor of o and 7.
7
Suppose 8 + 13 = 3*m. Let i(z) = -z + 13. Let g be i(9). Suppose -g = -w + 31. Calculate the highest common factor of w and m.
7
Let i be ((-3870)/(-315))/((-2)/(-434)). Calculate the greatest common divisor of 31 and i.
31
Let g = 26 + -42. Let d = g - -24. Let r be -1 - ((-4 - 5) + -4). Calculate the greatest common factor of d and r.
4
Suppose -3 = -5*x - 4*t - 0, 0 = x - 2*t - 9. Suppose -g - 1 - 1 = x*h, h + 2 = -g. Let f be (g/3)/(1/(-12)). What is the highest common divisor of 12 and f?
4
Let b = 4 + -2. Let v be b/1 + 182/13. Calculate the highest common factor of 128 and v.
16
Let s(u) = -5*u**3 - 3*u**2. Let y be s(-2). Let x = 54 - y. Let a = 11 - -15. Calculate the greatest common factor of a and x.
26
Suppose -15 = -2*n - 5. Let b be 12 + 5/(n/2). Suppose 0 = -4*y + 2*u + 270, -3*y - 5*u + 0*u = -235. What is the highest common divisor of y and b?
14
Let o = 2 - 8. Let k = o + 9. Calculate the highest common divisor of 1 and k.
1
Suppose 2*n = 3*q - 17, -n + 40 = 5*q - 2*n. Let x(z) = 3*z**2 - 3*z + 9. Let u be x(6). What is the greatest common divisor of u and q?
9
Suppose -4*p = -3*l - 5, 2*p + 6 - 14 = -4*l. Suppose -5*t + 84 = -2*t + p*y, 2*t = 2*y + 56. What is the greatest common divisor of t and 7?
7
Let y be 10307/121 - (-6)/(-33). Let q be (-206)/(-6) - (-1)/(-3). What is the greatest common divisor of q and y?
17
Suppose -3*f + 44 = f. Let g(w) = w**2 - 2*w**2 - 12*w - 12 - 3*w. Let s be g(-8). Calculate the greatest common divisor of f and s.
11
Let k(c) = c**2 + 4*c + 6. Let i be k(-4). Suppose -270 = 4*j - 5*j. Suppose 3*y = i*y - j. Calculate the greatest common divisor of 10 and y.
10
Let c = 21 - 9. Calculate the highest common divisor of c and 292.
4
Suppose 3*p + p - 12 = 0. Let r(m) = p - 8*m + m**2 - 19 - 12. Let y be r(12). Calculate the highest common factor of y and 140.
20
Suppose -13 = 5*p - 2*v - 0*v, -5*v + 10 = -5*p. Let o be 5/1 + p - 0. Suppose -g - 72 = -5*g. Calculate the greatest common factor of g and o.
2
Suppose 18*k + 84 = 24*k. Let s be k*(4/14)/((-8)/(-24)). What is the greatest common divisor of 228 and s?
12
Let j(y) = 187*y**2 + 3*y - 2. Let t be j(1). Let c be -1 - 0 - (t + -4). Let q = -14 - c. What is the highest common factor of 19 and q?
19
Suppose 2*k - 73 = 345. Let u = -551 + 570. Calculate the highest common divisor of u and k.
19
Suppose -368 = -7*s + 66. What is the highest common divisor of s and 62?
62
Let n(s) = -3*s**2 + 65*s + 18. Let p be n(21). Calculate the highest common factor of p and 2460.
60
Let g = -2 + 14. Let x(r) = -r**3 + 13*r**2 - 10*r - 8. Let l be x(g). Calculate the greatest common divisor of l and 144.
16
Suppose 4*h + 2*y - 108 = 0, 83 = 2*h + 5*y + 29. What is the greatest common factor of 9 and h?
9
Let w(y) = -y**3 - 14*y**2 + 4*y - 22. Let d be w(-15). Calculate the greatest common divisor of d and 26.
13
Suppose 0 = -5*s + 14 + 1. Suppose -5*b = s*v - 235, 1 = -v + b + 82. Let k be (-6 - (-203)/14) + (-1)/2. Calculate the greatest common factor of k and v.
8
Suppose -2*n - 3*p = -34, -4*p = -412 + 388. Suppose 10 = -d + 4*d - v, 3*d = -2*v + 16. Calculate the highest common factor of d and n.
4
Let j(w) = w**3 - 15*w**2 - 23*w + 3. Let q be j(17). Suppose q = 6*l - 74. Calculate the highest common factor of 220 and l.
44
Let m(z) = 45*z + 11. Let v be m(0). Calculate the highest common factor of 2 and v.
1
Suppose -2*q = q. Suppose -4*b = q, 4*o = -2*b - 4 + 16. Let v(c) = c**3 - c**2 - 6*c + 9. Let z be v(4). What is the greatest common factor of o and z?
3
Suppose -31*d = -22*d - 11088. Calculate the greatest common factor of d and 14.
14
Suppose 835 = 28*w + 275. Calculate the greatest common divisor of 236 and w.
4
Let f be (-1 - 0)/(0 - (-1)/(-7)). Suppose 5*a - 3*a - 126 = 0. Calculate the greatest common divisor of f and a.
7
Let q = 235 + -46. Calculate the highest common divisor of 27 and q.
27
Let x = -2 - -9. Let y(r) = r**2 - 5. Let j be y(-4). Suppose 0 = j*a - 482 - 211. Calculate the greatest common divisor of x and a.
7
Let d(g) = -g**2 + 5*g - 4. Let m(c) = 2*c**2 - 9*c + 8. Let p(i) = 5*d(i) + 2*m(i). Let s be p(6). What is the highest common factor of s and 34?
2
Let d(b) = -b**3 + 8*b**2 - 5*b - 9. Let y be d(7). Suppose 2*p + 0*p - y*h = 299, h = 5*p - 805. Calculate the highest common divisor of p and 18.
18
Let b = -70 - -367. Let x(t) = -34*t + 2. Let v be x(-1). Suppose 2*d - v = -f + 31, -2*f = -2. Calculate the highest common factor of d and b.
33
Let c(u) = u**2 + u + 96. Let x be c(0). Let y be (18/(-8))/((-36)/x). Let t be 260/y + (-2)/(-3). Calculate the greatest common divisor of 11 and t.
11
Let m be (-100)/(-7) + 2/(-7). Let a = -4 + m. Let u be (-2)/a + (-2418)/(-15). Calculate the highest common factor of u and 23.
23
Let d = 333 + -125. Suppose 19*s - 145 = 349. What is the highest common factor of s and d?
26
Let j(x) = 3*x**3 + x**2 - 2*x - 2. Let i be j(-1). Let w = i - -17. Calculate the greatest common divisor of w and 165.
15
Suppose -5 - 31 = -3*j. Suppose -3*x - 2*w = -353, w - 4*w = -j. Suppose -5*y + 114 + 1 = 0. What is the greatest common divisor of y and x?
23
Suppose 6*r - 2*r = -s - 13, -r + 11 = 5*s. Let o = 27 + s. Suppose x + 3*x - 16 = 0, -v + 198 = -3*x. What is the greatest common factor of v and o?
30
Suppose 2*k = -2*q - k + 24, 0 = -5*k. Suppose 2*r - 52 = q. Calculate the highest common factor of 80 and r.
16
Let v(g) = -g**2 - 2*g + 35. Suppose -2*p - 17 = -5. Let j be v(p). What is the greatest common divisor of 11 and j?
11
Suppose 4*n - 8 - 4 = 0. Suppose n*z - 2*z = -3*u + 26, -2*u - 5*z + 13 = 0. Calculate the highest common divisor of u and 36.
9
Let y = -3 + 5. Let f be (-1655)/(-5) + -5 + y. Suppose -2*k + f = -4*r, 651 = 4*k - r - 2*r. What is the greatest common factor of 18 and k?
18
Let b(i) = i**3 - 6*i**2 - 2*i - 8. Let v be b(6). Let g(m) = -m - 17. Let j be g(v). Calculate the greatest common divisor of 33 and j.
3
Let x be -1 - (-10)/4*30/25. Suppose d = -4*c + 8, 2*d - x*c + 10 = 3*d. What is the greatest common divisor of d and 30?
6
Let i be (-73075)/185*(6/(-10) + 0). Calculate the highest common factor of 316 and i.
79
Suppose -y + g = -0*g, -12 = 5*y - g. Let j be -3 + 78*(y + 4). Suppose -i = 2*i - j. What is the greatest common factor of i and 25?
25
Let q = -4352 + 4368. Let y(c) = 4*c - 4. Let d be y(5). Calculate the greatest common divisor of q and d.
16
Suppose 2*l - 2 = 4*d - 0, 2*d + 12 = 2*l. Calculate the greatest common divisor of l and 4.
1
Let i = 164 + -42. Let s = 74 + i. Calculate the highest common factor of s and 28.
28
Let j = -6 + 52. Calculate the greatest common divis